{"id":15,"date":"2017-10-29T10:29:01","date_gmt":"2017-10-29T10:29:01","guid":{"rendered":"https:\/\/przedszkole423.pl\/?page_id=15"},"modified":"2026-01-26T09:48:30","modified_gmt":"2026-01-26T09:48:30","slug":"przetargi","status":"publish","type":"page","link":"https:\/\/przedszkole423.pl\/?page_id=15","title":{"rendered":"Przetargi"},"content":{"rendered":"\n<p><a href=\"https:\/\/przedszkole423.pl\/wp-content\/uploads\/2025\/11\/Ogloszenie-o-zamowieniu.pdf\" target=\"_blank\" rel=\"noreferrer noopener\">Og\u0142oszenie o zam\u00f3wieniu na us\u0142ugi spo\u0142eczne &#8211; Przygotowanie i dostarczanie posi\u0142k\u00f3w dla dzieci z Przedszkola nr 423<\/a><\/p>\n\n\n\n<p><a href=\"https:\/\/przedszkole423.pl\/wp-content\/uploads\/2026\/01\/BP-50C26_20260126_094737.pdf\" target=\"_blank\" rel=\"noreferrer noopener\">Plan postepowa\u0144 o udzielenie zam\u00f3wie\u0144 na rok 2026<\/a><\/p>\n\n\n\n<p><\/p>\n","protected":false},"excerpt":{"rendered":"<p>Og\u0142oszenie o zam\u00f3wieniu na us\u0142ugi spo\u0142eczne &#8211; Przygotowanie i dostarczanie posi\u0142k\u00f3w dla dzieci z Przedszkola nr 423 Plan postepowa\u0144 o udzielenie zam\u00f3wie\u0144 na rok 2026<\/p>\n","protected":false},"author":1,"featured_media":0,"parent":2,"menu_order":0,"comment_status":"closed","ping_status":"closed","template":"","meta":{"footnotes":""},"class_list":["post-15","page","type-page","status-publish","hentry"],"_links":{"self":[{"href":"https:\/\/przedszkole423.pl\/index.php?rest_route=\/wp\/v2\/pages\/15","targetHints":{"allow":["GET"]}}],"collection":[{"href":"https:\/\/przedszkole423.pl\/index.php?rest_route=\/wp\/v2\/pages"}],"about":[{"href":"https:\/\/przedszkole423.pl\/index.php?rest_route=\/wp\/v2\/types\/page"}],"author":[{"embeddable":true,"href":"https:\/\/przedszkole423.pl\/index.php?rest_route=\/wp\/v2\/users\/1"}],"replies":[{"embeddable":true,"href":"https:\/\/przedszkole423.pl\/index.php?rest_route=%2Fwp%2Fv2%2Fcomments&post=15"}],"version-history":[{"count":6,"href":"https:\/\/przedszkole423.pl\/index.php?rest_route=\/wp\/v2\/pages\/15\/revisions"}],"predecessor-version":[{"id":8925,"href":"https:\/\/przedszkole423.pl\/index.php?rest_route=\/wp\/v2\/pages\/15\/revisions\/8925"}],"up":[{"embeddable":true,"href":"https:\/\/przedszkole423.pl\/index.php?rest_route=\/wp\/v2\/pages\/2"}],"wp:attachment":[{"href":"https:\/\/przedszkole423.pl\/index.php?rest_route=%2Fwp%2Fv2%2Fmedia&parent=15"}],"curies":[{"name":"wp","href":"https:\/\/api.w.org\/{rel}","templated":true}]}}